What is the units digit of h + -2 + s/(-2)?
4
Let v = 109 + -69. Let h = v - 28. What is the tens digit of h?
1
What is the units digit of (84/5)/((-8)/(-40))?
4
Let r(w) = w**2 + 3*w - 1. What is the units digit of r(4)?
7
Let j(i) = i**3 + 2*i**2 + 3*i. Let b be j(-2). What is the units digit of b/6*(1 - 20)?
9
Let s(x) = 6*x - 2. What is the tens digit of s(5)?
2
Let w(j) = 3*j**2 + j + 1. Let g be w(-1). What is the tens digit of -4 - -2 - (-69)/g?
2
Let b = 14 - 26. What is the tens digit of (-20)/(b/4 - -2)?
2
Let p = -289 + 520. What is the hundreds digit of p?
2
Let z be 6/4*(-4)/(-6). Let y = -3 + z. Let o = 1 - y. What is the units digit of o?
3
Let s(p) = -p - 2. Let j be s(-8). Let g = 12 - j. What is the units digit of g?
6
What is the units digit of 9/((-36)/(-200)) - -3?
3
Let p = -336 - -472. What is the hundreds digit of p?
1
Let h(t) = -t**3 + 3*t**2 - 2*t + 4. Let i be h(3). Let f = i - -15. Suppose f = -m + 2*m. What is the units digit of m?
3
Suppose 1 = -3*p + 4. What is the units digit of p?
1
Suppose -4*t + 175 = -3*t. What is the tens digit of t?
7
Let s(t) = t**3 - 2*t**2 + 2*t - 1. Suppose 0 = -2*h - 3*n + 4, 2*n - 6*n - 10 = -5*h. What is the units digit of s(h)?
3
Let w = 6 + -1. Suppose w*p = 25 - 5. What is the units digit of p?
4
Let r = 3 + -1. Let z(x) = 2*x - 1. Let v be z(3). Suppose 0 = r*h - 4*j + 12, -v*j = 5*h - 31 + 1. What is the units digit of h?
2
Let r(l) = -l - 6. Let i be r(-8). What is the units digit of 9/i*4/3?
6
What is the units digit of (-2 + 1016/10)*10/4?
9
Suppose 3*t + 5*f - 11 = 0, 2*t + 3*f - 9 = -2*f. Suppose -1 = -t*i + 5. What is the units digit of i?
3
Let q(g) = -35*g**3 + 4*g + 3. What is the hundreds digit of q(-2)?
2
Let z(a) = 2*a**2 - 2. Suppose y + o - 5 + 3 = 0, 3*y + 2 = -o. What is the units digit of z(y)?
6
Suppose -2*z - f - 1 = 0, -f - 19 = 5*z - 4*f. Let o be (0 - z) + -2 - 18. Let p = o - -28. What is the tens digit of p?
1
Let p(o) = o**2 + o - 5. Let c be p(4). What is the units digit of (-6)/(-15) + 174/c?
2
Let t = -16 - -19. Suppose 0*z = t*z - 3, 3*q - 61 = -4*z. What is the tens digit of q?
1
Suppose 16*f - 17*f = -8. What is the units digit of f?
8
Suppose -s + 25 = -25. What is the units digit of s?
0
Let o(q) = -5*q + 1. Let j be o(-1). Suppose 3 = -3*u - 3*p, j = u - 2*p + 1. What is the units digit of u?
1
Suppose -2*c + 14 + 86 = -5*a, 2*a = 5*c - 250. What is the units digit of c?
0
Let z be (5/(-2))/((-5)/10). Suppose z*u - 17 = 28. What is the units digit of u?
9
Let c be (-2 - 1) + 0 + 2. What is the units digit of c/(3/(-18)) - 1?
5
Let z(t) = 2*t + 4. What is the units digit of z(11)?
6
Let i(v) = -v**2 - 5*v. Let w(y) = -y**3 - 4 + 9*y - 6*y**2 + 0 - 4*y**2 + 2*y**3. Let p be w(9). What is the units digit of i(p)?
4
Suppose 0 = 10*r - 12*r + 78. Suppose -3*y + 24 + r = 0. What is the units digit of y?
1
Let d = 7 + -4. Suppose -3*l - d = -0*l. Let b(g) = -8*g - 1. What is the units digit of b(l)?
7
Let m = 3 - 4. What is the units digit of (-2)/(-6)*3 - m?
2
Let m = -27 + 71. Suppose -3*s + m = s. Let y = s + -7. What is the units digit of y?
4
Let u = -752 - -1106. What is the tens digit of u?
5
Let z be 1*7/((-14)/12). Let a(c) = -3*c - 5. What is the tens digit of a(z)?
1
Suppose 0 = 5*m - 5*w + 3*w + 5, -w = 0. What is the units digit of -1 - (m - (2 - 1))?
1
Let t = -53 + 20. Let o = t - -66. What is the units digit of o?
3
Let j = -6 + 13. Suppose j = u - 6. What is the units digit of u?
3
Suppose 2*o - 14 = -5*h, 0 = -5*o + h + 3*h + 35. Suppose 0 = p + 2, -x + 27 = 2*p - o*p. What is the tens digit of x?
1
Let z be 3 + (-3 - -2) + -6. Let w(i) = i**3 + i**2 + i - 6. Let a be w(0). Let d = z - a. What is the units digit of d?
2
Suppose 4*j - 94 - 38 = 0. What is the tens digit of j?
3
Suppose -3*h + 5*h = 14. Suppose 3*g - h - 2 = 0. What is the units digit of g?
3
Let g(v) = v**2 + 6. Let m be g(0). What is the tens digit of (m/18)/(2/150)?
2
Let b(c) = 2*c - 1. Let d be b(2). Suppose -2*t - 5*n = 3 - 37, -2*n - 13 = -d*t. What is the units digit of t?
7
Let j = 2 + 9. What is the units digit of 1 + j - (-4)/(-4)?
1
Let c(f) = -f**3 + 3*f**2 + 1. What is the hundreds digit of c(-5)?
2
Let t(w) = w**3 + 8*w**2 - 8*w + 1. Let n be t(-9). Let q = 16 - n. What is the units digit of q?
4
Suppose -5*p + 31 = -4*p. What is the tens digit of p?
3
Suppose 0 = -3*o + 2*k + 142, k - 24 = 2*o - 118. Let s = -26 + o. What is the tens digit of s?
2
Suppose 0 = 3*p - f - 4, 0*f - 2*f - 2 = -3*p. Suppose p*g + v - 44 = -3*g, g - 2*v - 11 = 0. Suppose -g = 5*s - 29. What is the units digit of s?
4
Suppose 9 = 3*m - 6. Let q(a) = a**3 - 6*a**2 + 5*a + 10. What is the tens digit of q(m)?
1
Let v(n) = -13*n - 50. What is the units digit of v(-7)?
1
Let u(h) = -h**2 - 14*h - 8. Let c be u(-10). Suppose -w + c = 4. What is the tens digit of w?
2
Let b(k) = -15*k + 32. What is the units digit of b(-4)?
2
Let m(p) = p + 8. Let q be m(0). Let l = q - 2. What is the units digit of l?
6
Let p(q) = q**3 - 10*q**2 + 8*q + 11. Let j be p(9). What is the tens digit of ((120/j)/1)/1?
6
Let y(h) = h**3 - 7*h**2. Let c be y(7). Let f = 7 + c. Suppose -2*r + f = -9. What is the units digit of r?
8
Let i be 3/6*(0 + 0). Suppose 0*c - c + 2 = i. Let g = c - -3. What is the units digit of g?
5
Let y(b) = -21*b + 19. What is the tens digit of y(-8)?
8
Let q = -17 + 29. Suppose -2*b + q + 30 = 0. What is the tens digit of b?
2
Let b = 15 + -9. Let d = -10 + b. What is the units digit of 1 + 0 + -1 - d?
4
Let x be (-1 + 4 - 3) + 0. Suppose x = -5*c + 75 + 15. What is the tens digit of c?
1
Suppose 1 = -2*y + 3*w, 2*w - 22 = y - 5*y. Suppose 0 = l - 15 - 5. Suppose -l = -0*a - y*a. What is the units digit of a?
5
Suppose -14 = 5*d + 16. Let c be 2/d + (-20)/3. Let v(i) = -i**3 - 6*i**2 + 7*i + 2. What is the units digit of v(c)?
2
Let q = -115 - -163. What is the tens digit of q?
4
Let u = -1 + 2. Suppose 0 = -2*w + u - 3. What is the units digit of ((-3)/(-9))/(w/(-6))?
2
Suppose 3*l = j - 3*j + 1018, 4*l + 4*j = 1364. What is the tens digit of l?
3
Let k(r) = r**2 - r + 6. Let q be (0/4)/(-1 + 3). Let o be k(q). What is the units digit of 2 + -2*(-3)/o?
3
Let n(m) = 8*m**3 + 3*m**2 - m + 2. What is the units digit of n(2)?
6
Let d(m) = m + 2. Let f be d(2). Suppose -2*i + f*i = 0. Suppose -2*z + 4*a + 8 = i, -9 = 5*a - 4. What is the units digit of z?
2
Let a(n) = -n**2 + 6*n. Let d be a(5). Suppose 4*m = d*m - 17. Suppose m = 2*l - 11. What is the units digit of l?
4
Let n = 204 + -2. What is the tens digit of n?
0
Let f(o) = -2*o - 6. Let k be f(0). What is the units digit of -4 - 14*3/k?
3
Let d(u) be the third derivative of -u**6/120 - 2*u**5/15 - u**4/24 + 3*u**3/2 - 5*u**2. What is the tens digit of d(-8)?
1
Let g(r) = -r**3 + 2*r**2 + 4*r - 1. Let z be g(3). What is the units digit of z/(-3) + 22/6?
3
Let r(w) = w**2 + 2*w + 4. Let n be r(-2). Suppose 29 + 163 = n*g. What is the tens digit of g?
4
Let h be -2 - (2 + 624/(-3)). What is the tens digit of (h/(-48))/((-2)/16)?
3
Suppose 9 = 2*r - 2*h + 3, 0 = -4*r + h + 15. Suppose 5*i = r*w - 115, -3*w - 4*i + 68 = -26. Suppose 0 = -4*f - 6 + w. What is the units digit of f?
6
Suppose -5*a - 151 = -2*s, 4*s - 272 = -2*a + 6*a. What is the tens digit of s?
6
Let f = 11 - -1. Let u = -5 + f. What is the units digit of u?
7
Let t = -23 - -69. What is the units digit of t?
6
Let t = 24 + -21. Suppose t*p + 9 = 114. What is the units digit of p?
5
Suppose -o = -3*l - 0*o - 16, -l - 4*o + 12 = 0. What is the units digit of (-2)/(-2) + l/(-4)?
2
What is the units digit of (-177)/(-5) - 7/((-35)/(-2))?
5
Suppose -t = 11*t - 2244. What is the tens digit of t?
8
Let s be (20/(-6) - -3)*0. Suppose s = 2*r - 2*t - 22, t = 4*r + 3*t - 50. What is the units digit of r?
2
Let p(c) = -c**3 + 4*c**2 + 3*c + 5. Let o(z) = z**3 - 13*z**2 + 11*z + 15. Let g be o(12). Suppose h - 1 = g. What is the units digit of p(h)?
7
Suppose 0*c - 3*c = 4*b - 1080, 0 = -3*c. Let r be b/33 + (-2)/11. What is the units digit of r + (1 - 1)*1?
8
Let f be ((-36)/(-15))/((-3)/15). What is the units digit of 12*((-45)/f)/5?
9
Let g(f) = -f**3 - 4*f**2 + 8. Let h be g(-6). Suppose -q = 4*q - h. What is the units digit of q?
6
Suppose u + 3*h - 15 = -2*u, h - 1